 7. Suppose 5*n + 3 = -m + n, x*m - 3*n = 6. What is the units digit of m?
1
Let p be (0/(-1))/(5 - 2). Suppose p*g = 4*g - 24. What is the units digit of 135/g*2/3?
5
What is the units digit of ((-13)/5 - -2)*-10?
6
Suppose -q + 229 - 72 = -5*w, 2*q - 2*w = 354. What is the units digit of q?
2
Let u = 12 - 17. Let m = u - -8. Suppose 3*w = -r - m*r + 42, -2*r + w + 26 = 0. What is the tens digit of r?
1
What is the units digit of (147/9)/((-1)/(-3))?
9
Let c(t) = 19*t - 4*t**2 - 13 + t**2 + 2*t. Let g(j) = j**2 - 7*j + 4. Let k(f) = 3*c(f) + 8*g(f). What is the units digit of k(5)?
3
Suppose 277 = 5*m + 2*h, 4*m - h - 54 = 3*m. Suppose -10 + m = 3*u - 3*l, 5*l = -u + 9. What is the tens digit of u?
1
Let h(p) = p**2 + 3*p. Let u(b) = -b. Let k(q) = h(q) + 5*u(q). Let r be k(4). Suppose x - 6 = -n, -2*n + 2*x - r = -3*n. What is the units digit of n?
4
Let p be (-41)/4 - 4/(-16). Let k(u) = -u**2 - 11*u + 7. What is the tens digit of k(p)?
1
Let a be 2/(-4) - (0 - (-2)/(-4)). Suppose -3 = -i - 0. Suppose a = i*u + 3, 5*r + 3*u - 85 - 7 = 0. What is the tens digit of r?
1
Suppose 0 = -2*t + 3*b + 10 - 0, -2 = -b. Suppose t = 2*k + 2. Suppose k*s + 0*s = 27. What is the units digit of s?
9
Let r(i) = 16*i - 7. What is the tens digit of r(23)?
6
Suppose -p + 4 = 1. What is the units digit of p?
3
Let g = 2 - 37. Let l = 49 + g. Suppose 5*y + l = 69. What is the units digit of y?
1
Let o be -1 - 2 - (0 + -12). Let x = 1 + o. Suppose 0 = 6*r - r - x. What is the units digit of r?
2
Suppose -5*g + 11 = -19. What is the units digit of (2 + -5)*(-14)/g?
7
Let i(z) = 3*z - 12. Suppose 0 = 2*q + q - 30. Let k be i(q). Suppose -r + 5*v = -0*v - 27, r + 4*v = -k. What is the units digit of r?
2
Let r(k) = -14*k - 20. What is the tens digit of r(-6)?
6
Suppose 0 = -7*f - 59 + 1501. What is the hundreds digit of f?
2
Let x be (-6)/33 + 68/11. Suppose 0 = -v + x - 0. Suppose w - v = -0*w. What is the units digit of w?
6
What is the hundreds digit of (4 - -617)/3 - (-2 - -5)?
2
Let t(v) = -v**3 - 12*v**2 - 2*v + 9. What is the units digit of t(-12)?
3
Suppose -d = 4*m - 589, -2*m + 5*d = -6*m + 593. What is the tens digit of m?
4
Let p(b) = b - 1. Let h be p(1). Let l(y) = 9*y**2 + 2*y + h*y - 3*y. What is the units digit of l(-1)?
0
Suppose 20 = s - 5*m, -s + 11 + 9 = 4*m. Suppose -u = -s + 8. What is the tens digit of u?
1
Suppose -16 = -2*v + 4*d, 5*v + 5*d = -2 - 3. Let p(q) = 12*q + 4. Let w be p(-3). What is the tens digit of 6/(-8)*w/v?
1
Suppose 0 = -3*i - 6, -f + 10*i + 334 = 9*i. What is the hundreds digit of f?
3
Suppose 2*g + 0*g = -w + 17, -3*g - 69 = -3*w. What is the units digit of w?
1
Let h(v) = -7*v**3 + v**2 - v. Let w be h(1). Suppose i - 30 = -2*b, -3*i + 0*i - 12 = 0. Let r = w + b. What is the tens digit of r?
1
Suppose 4*g - 3*u = 6, -6 = -g + 2*u + u. Suppose 5*i - i = 2*l - 42, g = -5*i - l - 49. Let n = 15 + i. What is the units digit of n?
5
Let f = 4 - -2. What is the units digit of (f - (-3 + 2)) + 1?
8
What is the units digit of (-56)/(-2 - -6 - 5)?
6
Let z(u) = 4*u - 9. What is the units digit of z(6)?
5
Let c(g) = g**2 - 3*g - 1. Let o = -8 + 6. What is the units digit of c(o)?
9
Let t(g) = -g**2 - 5*g + 1. Let a be t(-4). Suppose -a = -d - 3. What is the units digit of d?
2
Suppose -8 = -2*c - 3*c - 2*t, 4*c = -5*t + 3. Let j(q) = 16*q - 1. What is the tens digit of j(c)?
3
Suppose g + 3*y = 12, 1 = 3*g + 5*y - 19. Suppose c - 6*c = g. Suppose c*f = f - 1. What is the units digit of f?
1
Suppose 4*d + 2*r + 39 - 135 = 0, -2*d = 5*r - 64. Let s = d + 16. What is the tens digit of s?
3
Suppose 3*h - 18 = 6*h. Let v(x) = -x**3 - 7*x**2 - 5*x + 8. Let n be v(h). Suppose 5*g - g - 3*a - 44 = 0, 8 = -n*a. What is the units digit of g?
8
Let q be (3 + -1)/(2/(-17)). Let f be (2 + q)*2/(-2). Let y = -8 + f. What is the units digit of y?
7
Let a = 102 - 35. What is the tens digit of a?
6
Suppose -4*d + 32 = -2*d. Suppose -4*h + d = 0, -1 = -4*u + 2*h + 63. What is the units digit of u?
8
Suppose 5*t - 450 + 130 = 0. What is the tens digit of t?
6
Let g(t) = -16*t**3 - 2*t**2 - 5*t + 1. What is the hundreds digit of g(-2)?
1
Let r(c) = -3*c**3 + 7*c**2 + 4*c + 3. Let u(z) = -2*z**3 + 6*z**2 + 4*z + 2. Let f(t) = 3*r(t) - 4*u(t). What is the units digit of f(-3)?
3
What is the tens digit of ((-96)/(-10))/(48/160)?
3
Let r(q) be the third derivative of q**5/60 - q**4/6 - 2*q**3/3 - 5*q**2. What is the units digit of r(5)?
1
Suppose -k = 1 - 6. Suppose y + 1 - k = 0. Suppose -2*s + 22 = 4*w, -y*s - 15 + 47 = 5*w. What is the units digit of s?
3
Let b(p) = -p**3 - 3*p**2 + 5*p. Let y be b(-4). Let q = y - 2. What is the units digit of 3 + (-3)/(q/2)?
4
Let t(m) = m**3 - 18*m**2 + 20*m + 24. What is the units digit of t(17)?
5
Suppose 0 = 4*m - 3*m - 5. Let p = m + 16. What is the units digit of p?
1
Suppose -v - 3 = -2. Let o = v - -8. What is the units digit of o?
7
Let j(h) = h**3 + 5*h**2 - 2*h. Let n be (3 - 1) + (1 - 7). What is the tens digit of j(n)?
2
What is the units digit of 246/21 - (0 + (-6)/21)?
2
Suppose 3*z + 15 = 204. What is the tens digit of z?
6
Let q(f) = -f**2 + 8*f - 8. Let y be q(6). Let w(a) = 0*a**2 + y - 2 - 2*a - 2*a**2 + a**2. What is the units digit of w(-2)?
2
Suppose 0 = -0*x - 2*x - 4, -2*m + 5*x = -402. What is the units digit of m?
6
Suppose 4*x + 3 = -2*l - 7, -5*l + 2 = x. Let a(g) = 25*g - 2. What is the tens digit of a(l)?
2
Suppose -5*y = -20 - 20. Let v be (-69)/(-12) - 6/y. Suppose v*z - 28 = 12. What is the units digit of z?
8
Let g(z) = 2*z - 3. Let u be g(-6). Let q = u + 75. Suppose 6*o - 3*f - 57 = 3*o, 3*o - q = 4*f. What is the tens digit of o?
1
Let i be ((-1)/(-3))/((-2)/(-12)). What is the units digit of (-1 - i)*123/(-9)?
1
Let w be (11 + -1)*(-4)/(-8). Suppose 0 = 2*s + 10, w*b + 2*s = -0*s + 90. What is the units digit of b?
0
Suppose l - 5 = -0*l. Suppose l = -d + 35. Suppose 0*q - 5*q = -d. What is the units digit of q?
6
Let k(u) = -4*u**2 + 73*u + 92. Let z(r) = r**2 - 18*r - 23. Let y(x) = -2*k(x) - 9*z(x). What is the units digit of y(17)?
6
Let k = -6 + 4. What is the tens digit of 13 - (0 - k - 1)?
1
Suppose -5*m + 7 = -2*t, -5*t = 3*m - 2*t. What is the units digit of m?
1
Suppose -3*w = -4*a, -3*a + 7 = 2*w - 10. Let q be (-1)/((-3)/(-9)*a). Let f(g) = 5*g**2 + g + 1. What is the units digit of f(q)?
5
Let s = -9 + 15. Let z(q) = q - 8. Let i be z(s). Let a(p) = p**2 - p. What is the units digit of a(i)?
6
Let w = 84 + -56. What is the tens digit of w?
2
Suppose 4*h + 15 = 9*h. Suppose -h*d - 5 + 23 = 0. What is the units digit of d?
6
Let x = -3 + 13. Let l(f) be the first derivative of -f**3/3 + 11*f**2/2 - 7*f + 3. What is the units digit of l(x)?
3
What is the tens digit of -16*(4/(-2) + 0)?
3
What is the tens digit of (-690)/(-8) + (-2)/8 + 2?
8
Suppose -3*p + n = -3*n + 12, n - 3 = 3*p. Suppose -3*x + 107 = -x + c, 5*c - 15 = p. What is the tens digit of x?
5
Suppose 8*p - 894 = 2*p. What is the units digit of p?
9
Let i(j) = j**3 - 3*j**2 + 3*j - 1. Suppose r - 3 = -2*r. Suppose p - 10 = -2*t, -3*p - r = 2*t - 19. What is the units digit of i(t)?
8
What is the tens digit of 22 + -2 + 0 + -1?
1
Let p(u) = -4*u**3 - u - 6*u**2 + 4*u**2 - 1 - u. Let h be p(-1). Suppose -h*r + 16 = -17. What is the units digit of r?
1
Let p be 4/(-6) - 46/(-6). Suppose -5*o = -p*o + 38. What is the units digit of o?
9
Let h be (0 + 6)*(-15)/10. Let l be 66/h - 2/(-6). Let c(a) = -a**2 - 8*a - 6. What is the units digit of c(l)?
1
Let n = 8 - 6. Suppose n*b + m = -2*b + 159, 3*m - 26 = -b. Suppose -t - 4*l - 1 = -7, -l = -4*t + b. What is the units digit of t?
0
Suppose -4*k = -12 - 12. Suppose -2*y = 4*j + 4, -6*y + 3*y - k = -j. Suppose j = -6*a + 5*a + 4. What is the units digit of a?
4
Let z(d) = -d**3 - 5*d**2 - d - 7. Let w be z(-5). Let g be 0*w/4*-2. Suppose g = -o - t + 17, 0 = -5*o + t + 109 - 36. What is the tens digit of o?
1
Let y = -93 - -45. What is the units digit of (6/(-8))/(3/y)?
2
Suppose 8 = 3*f - 1, -m = 4*f - 129. What is the tens digit of m?
1
Suppose 0 = 5*i - 4*a - 28, -2*i + 1 = 5*a + 3. What is the units digit of i?
4
Let b = -272 - -624. What is the hundreds digit of b?
3
Suppose -11 = -2*z + 3*z + 2*y, 3*y + 19 = -2*z. Let p = 8 + z. What is the units digi